{"id":94,"date":"2020-06-14T21:56:16","date_gmt":"2020-06-14T21:56:16","guid":{"rendered":"https:\/\/erua.us\/?page_id=94"},"modified":"2021-02-05T00:18:49","modified_gmt":"2021-02-05T00:18:49","slug":"hospedaje-web","status":"publish","type":"page","link":"https:\/\/erua.us\/?page_id=94","title":{"rendered":"Hospedaje Web"},"content":{"rendered":"\n<p>Te ofrecemos un servicio profesional para el alojamiento de tus p\u00e1ginas web. Nuestros planes comienzan desde 24 d\u00f3lares al a\u00f1o y se ajustan a cualquiera de tus necesidades<\/p>\n\n\n\n<p>Nuestros servidores totalmente administrados les brindan la seguridad a nuestros clientes de que en caso de tener un problema con su servicio, nuestro personal estar\u00e1 presente para ayudarlo.<\/p>\n\n\n\n<div class=\"wp-block-columns\">\n<div class=\"wp-block-column\">\n<h2 class=\"has-text-align-center\"><strong>Profesional<\/strong><\/h2>\n\n\n\n<div class=\"wp-block-image\"><figure class=\"aligncenter size-large\"><img src=\"http:\/\/www.us2-software.com\/images\/negocios.png\" alt=\"\"\/><\/figure><\/div>\n\n\n\n<p class=\"has-text-align-center\">$80.000<br>1 A\u00f1o<br>500MB de Espacio en Disco<br>10GB Ancho Banda \/Mes<br>5 Bases de Datos<br>10 Cuentas Email<\/p>\n<\/div>\n\n\n\n<div class=\"wp-block-column\">\n<h2 class=\"has-text-align-center\"><strong>Comercial<\/strong><\/h2>\n\n\n\n<div class=\"wp-block-image\"><figure class=\"aligncenter size-large is-resized\"><img loading=\"lazy\" src=\"http:\/\/www.us2-software.com\/images\/enterprise.png\" alt=\"\" width=\"171\" height=\"171\"\/><\/figure><\/div>\n\n\n\n<p class=\"has-text-align-center\">$120.000<br>1 A\u00f1o<br>1000 MB de Espacio en Disco<br>20GB Ancho Banda \/Mes<br>Bases de Datos Ilimitadas<br>Cuentas Email Ilimitadas<\/p>\n<\/div>\n\n\n\n<div class=\"wp-block-column\">\n<h2 class=\"has-text-align-center\"><strong>Empresarial<\/strong><\/h2>\n\n\n\n<div class=\"wp-block-image\"><figure class=\"aligncenter size-large is-resized\"><img loading=\"lazy\" src=\"http:\/\/www.us2-software.com\/images\/empresa-300x300.png\" alt=\"\" width=\"174\" height=\"174\"\/><\/figure><\/div>\n\n\n\n<p class=\"has-text-align-center\">$200.000<br>1 A\u00f1o<br>2000 MB de Espacio en Disco<br>40GB Ancho Banda \/Mes<br>Bases de Datos Ilimitadas<br>Cuentas Email Ilimitadas<\/p>\n<\/div>\n<\/div>\n\n\n\n<p>Todos los planes de hospedaje cuentan con las siguientes caracter\u00edsticas. <\/p>\n\n\n\n<div class=\"wp-block-columns\">\n<div class=\"wp-block-column\" style=\"flex-basis:33.33%\">\n<figure class=\"wp-block-image size-large is-resized\"><img loading=\"lazy\" src=\"http:\/\/www.us2-software.com\/images\/ssd-300x252.jpeg\" alt=\"\" width=\"151\" height=\"126\"\/><\/figure>\n<\/div>\n\n\n\n<div class=\"wp-block-column\" style=\"flex-basis:66.66%\">\n<h2>Discos SSD<\/h2>\n\n\n\n<p>Nuestros servidores est\u00e1n configurados con las unidades de disco duro de<br>estado s\u00f3lido que garantizan un rendimiento superior<\/p>\n<\/div>\n<\/div>\n\n\n\n<div class=\"wp-block-columns\">\n<div class=\"wp-block-column\" style=\"flex-basis:33.33%\">\n<figure class=\"wp-block-image size-large is-resized\"><img loading=\"lazy\" src=\"http:\/\/www.us2-software.com\/images\/intel-300x216.png\" alt=\"\" width=\"143\" height=\"103\"\/><\/figure>\n<\/div>\n\n\n\n<div class=\"wp-block-column\" style=\"flex-basis:66.66%\">\n<h2>Intel E5 Hexa-Core<\/h2>\n\n\n\n<p>Nuestros servidores compartidos y revendedor cuentan con lo \u00faltimo en<br>procesadores Intel, lo que mejora la experiencia de alojamiento.<\/p>\n<\/div>\n<\/div>\n\n\n\n<div class=\"wp-block-columns\">\n<div class=\"wp-block-column\" style=\"flex-basis:33.33%\">\n<figure class=\"wp-block-image size-large is-resized\"><img loading=\"lazy\" src=\"http:\/\/www.us2-software.com\/images\/raid-300x300.jpg\" alt=\"\" width=\"142\" height=\"142\"\/><\/figure>\n<\/div>\n\n\n\n<div class=\"wp-block-column\" style=\"flex-basis:66.66%\">\n<h2>Tecnolog\u00eda RAID10<\/h2>\n\n\n\n<p>La tecnolog\u00eda RAID se configura en nuestra red y le da el m\u00e1ximo tiempo<br>en linea, incluso cuando el hardware se interpone en el camino<\/p>\n<\/div>\n<\/div>\n\n\n\n<div class=\"wp-block-columns\">\n<div class=\"wp-block-column\" style=\"flex-basis:33.33%\">\n<figure class=\"wp-block-image size-large is-resized\"><img loading=\"lazy\" src=\"http:\/\/www.us2-software.com\/images\/ddos.png\" alt=\"\" width=\"144\" height=\"96\"\/><\/figure>\n<\/div>\n\n\n\n<div class=\"wp-block-column\" style=\"flex-basis:66.66%\">\n<h2>Cloud Data Center<\/h2>\n\n\n\n<p>Cloud hosting le ofrece a nuestros clientes la experiencia de hospedaje<br>m\u00e1s flexible y eficiente para usted y su negocio.<\/p>\n<\/div>\n<\/div>\n","protected":false},"excerpt":{"rendered":"<p>Te ofrecemos un servicio profesional para el alojamiento de tus p\u00e1ginas web. Nuestros planes comienzan desde 24 d\u00f3lares al a\u00f1o y se ajustan a cualquiera de tus necesidades Nuestros servidores totalmente administrados les brindan la seguridad a nuestros clientes de que en caso de tener un problema con su servicio, nuestro personal estar\u00e1 presente para &hellip; <\/p>\n<p class=\"link-more\"><a href=\"https:\/\/erua.us\/?page_id=94\" class=\"more-link\">Continuar leyendo<span class=\"screen-reader-text\"> \u00abHospedaje Web\u00bb<\/span><\/a><\/p>\n","protected":false},"author":1,"featured_media":0,"parent":0,"menu_order":0,"comment_status":"closed","ping_status":"closed","template":"","meta":[],"_links":{"self":[{"href":"https:\/\/erua.us\/index.php?rest_route=\/wp\/v2\/pages\/94"}],"collection":[{"href":"https:\/\/erua.us\/index.php?rest_route=\/wp\/v2\/pages"}],"about":[{"href":"https:\/\/erua.us\/index.php?rest_route=\/wp\/v2\/types\/page"}],"author":[{"embeddable":true,"href":"https:\/\/erua.us\/index.php?rest_route=\/wp\/v2\/users\/1"}],"replies":[{"embeddable":true,"href":"https:\/\/erua.us\/index.php?rest_route=%2Fwp%2Fv2%2Fcomments&post=94"}],"version-history":[{"count":3,"href":"https:\/\/erua.us\/index.php?rest_route=\/wp\/v2\/pages\/94\/revisions"}],"predecessor-version":[{"id":114,"href":"https:\/\/erua.us\/index.php?rest_route=\/wp\/v2\/pages\/94\/revisions\/114"}],"wp:attachment":[{"href":"https:\/\/erua.us\/index.php?rest_route=%2Fwp%2Fv2%2Fmedia&parent=94"}],"curies":[{"name":"wp","href":"https:\/\/api.w.org\/{rel}","templated":true}]}}